en n is divided by 77.
74
Suppose -c - 22 = -3*v, 940 - 895 = 5*v. What is the remainder when 1229 is divided by c?
4
Suppose -5*f = 5*d - 780 - 200, 2*f + 4*d = 396. Calculate the remainder when f is divided by 114.
80
Suppose -4*l + y - 2190 = 0, -11*y + 555 = -l - 7*y. Let c = l + 597. What is the remainder when 152 is divided by c?
2
Let i(j) = -3*j + 33. Let w be i(-4). Suppose -v = h - 4*v - 45, -v + w = h. Let z = h - 10. What is the remainder when 68 is divided by z?
33
Suppose 3*u + 134 - 44 = 0. What is the remainder when 26 is divided by ((u/4)/3)/(9/(-36))?
6
Let c(s) = -329*s - 562. Calculate the remainder when 308 is divided by c(-2).
20
Let r(k) = -3*k - 21. Let u = -1 + -4. Let h be r(u). Calculate the remainder when 27 is divided by (-819)/(-52) + h/8.
12
Let a = 3539 + -3286. What is the remainder when a is divided by 109?
35
Let q(l) = -17 - 5*l**2 - l + 5*l - 2*l**3 - 12*l. Suppose 0 = y + 4. Calculate the remainder when q(y) is divided by 11.
8
Suppose -4*c - s + 1244 + 745 = 0, s + 1987 = 4*c. Let v = c - 470. What is the remainder when 133 is divided by v?
25
Suppose 44*b + 47*b - 3731 = 0. What is the remainder when b is divided by 3?
2
Suppose 30*t = 2*t + 196. Suppose -t*d + 297 + 11 = 0. What is the remainder when 302 is divided by d?
38
Suppose -3042 = 22*a + 1358. Let w = a - -237. Calculate the remainder when 45 is divided by w.
8
Let l = 1852 + 760. Let w = l + -1389. What is the remainder when w is divided by 68?
67
Let r(o) be the second derivative of -o**4/12 + 2*o**3 - 11*o**2/2 + 7*o. Let n be (-2)/7 + (8 - 36/(-28)). What is the remainder when 109 is divided by r(n)?
13
Suppose 0 = -11*h - 1871 + 2762. What is the remainder when h is divided by 23?
12
Let w(c) = 96*c - 385. Let r be w(4). What is the remainder when ((-4)/1)/((-2)/87) is divided by (-8 + -5 + 6)/(r/5)?
34
Suppose -1112*l + 188 = -1107*l - 3*g, -l - 2*g + 35 = 0. Let z = -67 - -147. Calculate the remainder when z is divided by l.
6
Suppose c - 207 = -4*k, 3*k + 4*c - 18 = 134. Let g = 2167 - 2073. What is the remainder when g is divided by k?
42
Let s be (-1953)/(-4) + 693/396. Let r(x) = 4*x**3 - 7*x**2 - 5*x - 1. Let i be r(-4). Let u = s + i. What is the remainder when u is divided by 29?
25
Suppose -4*i = a - 50 - 34, 0 = a + 5*i - 86. What is the remainder when a is divided by 8?
4
Let h(s) = 16*s**3 - 2*s**2 - 3*s + 1. Let u be h(-2). Let c = -50 - u. Calculate the remainder when c is divided by 9.
7
Suppose -4*f + 3*f + 39 = 5*k, -3*f = -k + 11. Let q = 49 + -57. Let b(v) = -v**3 - 9*v**2 - 12*v - 10. What is the remainder when b(q) is divided by k?
6
Calculate the remainder when -20*12/(-210) + 6376/7 is divided by 185.
172
Let j(n) = 2*n**3 + 66*n**2 - 473*n - 41. Calculate the remainder when 160 is divided by j(-39).
6
Let k = 30034 + -24701. What is the remainder when k is divided by 11?
9
Let m = -9592 - -9611. What is the remainder when 87 is divided by m?
11
Let z(r) = -25*r - 241. Let l be z(-10). Suppose -1819 - 521 = -l*y. Calculate the remainder when y is divided by 44.
40
Let s(u) = -172*u - 11. Suppose -5*o + 12 = 2*d, 14*d = 13*d - o. What is the remainder when s(d) is divided by 20?
17
Let k be ((-24)/7)/(74/(-5957)). Let t = k + -260. Calculate the remainder when 40 is divided by t.
8
Let a be ((-7)/(-2) + 6/12)*7. Suppose -86 = 5*n - 3*d, -n = n + 2*d + a. Let b = n + 45. What is the remainder when 82 is divided by b?
24
Let i(y) = y**2 + 2*y - 63. Let n be i(0). Calculate the remainder when 165 is divided by n*(-2)/(-2)*(-10)/15.
39
Let i = -7338 + 7354. Calculate the remainder when 7659 is divided by i.
11
Let x(z) = 98*z**2 + 42*z + 70. What is the remainder when 768 is divided by x(-2)?
12
Suppose 101*s - 19*s - 42*s = 18960. Calculate the remainder when s is divided by 219.
36
What is the remainder when 135 is divided by (-1 - (-118)/6)*((-1092)/56)/(-13)?
23
Let o = 36 - 21. Suppose 5*c + 5 = -2*k - 4, 0 = 2*k - 4*c - 18. Suppose -3*p = -2*f + 19, -4*p = -k*p - 1. Calculate the remainder when o is divided by f.
4
Suppose -4*y + 276 = 3*k - 103, 3*y = -15. Let p = k - 113. Calculate the remainder when p is divided by 10.
0
Let j(u) = -30*u - 1. Let s = 165 + -34. Suppose -5*h + s = -24. Calculate the remainder when j(-3) is divided by h.
27
Suppose -2*u - 4*g + 74 = -u, 2*g - 268 = -4*u. Let p = 69 - u. Calculate the remainder when 26 is divided by (19/p - 7)*3*-4.
2
Suppose -4*k + 2*z - 4*z = -28, 3*k + 5*z = 35. Suppose 25 = o + 4*o + k*f, 2*o = -4*f + 8. What is the remainder when 15 is divided by (2/o)/(5/120)?
7
Let l(v) = v**2 + 6*v + 136. Let x = 35 + -45. Let p = x + 10. What is the remainder when l(p) is divided by 23?
21
Calculate the remainder when ((-41504)/15)/(-8) - (-162)/1215 is divided by 73.
54
What is the remainder when 6807 is divided by (-53958)/(-561) + 6/(-33)?
87
Let j = -127 + 132. Suppose -6*f = j*f - 253. Calculate the remainder when 39 is divided by f.
16
Let b = -39 - -40. Let f(v) = 9*v**3 - 3*v + 3. Let r(y) = -5*y - 5. What is the remainder when r(-6) is divided by f(b)?
7
Suppose 90*j + 4*a = 93*j - 4069, 2*j + a - 2687 = 0. What is the remainder when j is divided by 135?
132
Suppose -4*p = -3*p - 5. Suppose -4*a = -5*l + 317, 4*a + 0*a - 333 = -p*l. What is the remainder when l is divided by 27?
11
Let u(t) = -t**2 - 18*t - 71. Let s(i) = 4*i**2 + 73*i + 286. Let c(o) = -2*s(o) - 9*u(o). Calculate the remainder when 34 is divided by c(-11).
10
Let b(q) = q**2 + 4*q - 2. Let o(h) = -87*h**3 + h**2 - h. Let a be o(1). What is the remainder when (a*8/(-24))/(1/2) is divided by b(-6)?
8
Suppose -2*q - 5 = s - 0, 0 = 3*s - 5*q - 29. Suppose -z + 55 + s = 0. Calculate the remainder when z is divided by 9.
4
Let j(n) be the third derivative of -7*n**4/24 + 2*n**3 - n**2 - 81. Calculate the remainder when 151 is divided by j(-4).
31
Let x(p) = -p**3 + 77*p**2 + 881*p + 11. Calculate the remainder when x(-11) is divided by 293.
89
Let t(i) = 14*i - 36. Let x be t(4). Let p be ((-6)/(-5))/(8/x*-1). What is the remainder when 62 is divided by (-2)/3*p - (-585)/65?
7
Suppose 7*y - 708 = 2*y - 68. What is the remainder when 446 is divided by y?
62
Let a(s) = -170*s + 2509. What is the remainder when a(13) is divided by 227?
72
Suppose 19*a + 2172 = 31*a. What is the remainder when a is divided by 39?
25
Let y = -29367 + 29380. Calculate the remainder when 1507 is divided by y.
12
Let a = -17983 + 18079. What is the remainder when 219 is divided by a?
27
Let r = -19 - -24. Let s be (-4)/(-1 + 3/r). Calculate the remainder when (s/10)/((-2)/(-14)) is divided by 5.
2
Let v(z) = z**3 - 69*z**2 + 91*z - 444. What is the remainder when v(68) is divided by 70?
0
Suppose -f - 2 - 8 = 0. Let t be -8 - f - (-96 + -2). Suppose 3*r - 119 = t. Calculate the remainder when r is divided by 15.
13
Suppose -11*u + 1237 + 930 = 0. Let o = u + -167. Calculate the remainder when o is divided by 4.
2
Let o(l) = l**3 + 2*l + 43. Calculate the remainder when 63 is divided by o(0).
20
Let h = 194 - 80. Suppose -5*x - 2*t - 3 = -116, 5*t + 74 = 3*x. Calculate the remainder when h is divided by x.
22
Let t(v) = v**2 + 5*v - 12. Let s be (0 + 0)*6/12 - 33. Let w = s + 61. What is the remainder when t(-11) is divided by w?
26
Let w = -142 - 719. Let s = -808 - w. Suppose -3*g = x + 7, 5*x - 11 - 4 = -5*g. Calculate the remainder when s is divided by x.
5
Suppose 372 = 3*r - 3*n, 99 - 92 = -n. Let a(y) = y**2 + 5*y - 7. Let f be a(-7). Let o(b) = 4*b + 2. What is the remainder when r is divided by o(f)?
27
Suppose -4*s - o = -11, 3*o + 6 = -2*s + 3*s. Let w(u) = -u - 10. Let n be w(-10). Suppose 63 = -n*i + s*i. What is the remainder when 62 is divided by i?
20
Let l(z) = 2*z**2 + 14*z + 20. Let b be l(-3). Calculate the remainder when 120 is divided by 14 + 7 + 1 + b.
12
Let x(h) = 9*h**2 + 14*h - 70. Calculate the remainder when 441 is divided by x(4).
51
Suppose 162*h = 38*h + 15996. What is the remainder when h is divided by 149/4 - 2/8?
18
Let a = -15 + 18. Suppose -5*r + 2*k = -k - 135, 0 = 4*r - a*k - 108. What is the remainder when 130 is divided by r?
22
Suppose 3 = 6*r - 5*r. Let h(y) = -y + 7. Let d be h(r). Suppose d*g + 0*g = -4*w + 76, -45 = -3*g + 3*w. Calculate the remainder when 83 is divided by g.
1